{"id":34,"date":"2024-07-23T19:01:29","date_gmt":"2024-07-23T17:01:29","guid":{"rendered":"https:\/\/llarspicarol.com\/llar-dinfants-picarol-serveis\/"},"modified":"2024-07-27T11:59:08","modified_gmt":"2024-07-27T09:59:08","slug":"llar-dinfants-picarol-servicios","status":"publish","type":"page","link":"https:\/\/llarspicarol.com\/es\/llar-dinfants-picarol-servicios\/","title":{"rendered":"Llar d&#8217;Infants Picarol | Servicios"},"content":{"rendered":"\t\t<div data-elementor-type=\"wp-page\" data-elementor-id=\"34\" class=\"elementor elementor-34 elementor-32\" data-elementor-post-type=\"page\">\n\t\t\t\t<div class=\"elementor-element elementor-element-678ef47 e-flex e-con-boxed e-con e-parent\" data-id=\"678ef47\" data-element_type=\"container\" data-settings=\"{&quot;background_background&quot;:&quot;classic&quot;}\">\n\t\t\t\t\t<div class=\"e-con-inner\">\n\t\t\t\t<div class=\"elementor-element elementor-element-ca2c40b elementor-widget elementor-widget-heading\" data-id=\"ca2c40b\" data-element_type=\"widget\" data-widget_type=\"heading.default\">\n\t\t\t\t<div class=\"elementor-widget-container\">\n\t\t\t<h1 class=\"elementor-heading-title elementor-size-default\">SERVICIOS LLAR PICAROL<\/h1>\t\t<\/div>\n\t\t\t\t<\/div>\n\t\t\t\t\t<\/div>\n\t\t\t\t<\/div>\n\t\t<div class=\"elementor-element elementor-element-661bd34 e-flex e-con-boxed e-con e-parent\" data-id=\"661bd34\" data-element_type=\"container\">\n\t\t\t\t\t<div class=\"e-con-inner\">\n\t\t\t\t<div class=\"elementor-element elementor-element-f868429 elementor-widget elementor-widget-heading\" data-id=\"f868429\" data-element_type=\"widget\" data-widget_type=\"heading.default\">\n\t\t\t\t<div class=\"elementor-widget-container\">\n\t\t\t<h2 class=\"elementor-heading-title elementor-size-default\">Servicio de acogida<\/h2>\t\t<\/div>\n\t\t\t\t<\/div>\n\t\t\t\t<div class=\"elementor-element elementor-element-5c7d3ba elementor-widget elementor-widget-text-editor\" data-id=\"5c7d3ba\" data-element_type=\"widget\" data-widget_type=\"text-editor.default\">\n\t\t\t\t<div class=\"elementor-widget-container\">\n\t\t\t\t\t\t\t<p><strong>Hora de acogida<\/strong> | de 07.30 h \u2013 08.30 h.<\/p><p>Durante este periodo de tiempo, los ni\u00f1os desayunan, realizan actividades en un ambiente relajado y aquellos que lo necesitan, van a dormir.<\/p>\t\t\t\t\t\t<\/div>\n\t\t\t\t<\/div>\n\t\t\t\t<div class=\"elementor-element elementor-element-4c0e890 elementor-widget elementor-widget-heading\" data-id=\"4c0e890\" data-element_type=\"widget\" data-widget_type=\"heading.default\">\n\t\t\t\t<div class=\"elementor-widget-container\">\n\t\t\t<h2 class=\"elementor-heading-title elementor-size-default\">Servicio de comedor<\/h2>\t\t<\/div>\n\t\t\t\t<\/div>\n\t\t\t\t<div class=\"elementor-element elementor-element-f40600e elementor-widget elementor-widget-text-editor\" data-id=\"f40600e\" data-element_type=\"widget\" data-widget_type=\"text-editor.default\">\n\t\t\t\t<div class=\"elementor-widget-container\">\n\t\t\t\t\t\t\t<p><strong>Servicio de comedor<\/strong> | En la Guarder\u00eda Picarol disponemos de un servicio de comedor atendido por nuestra propia cocina. Contamos con tres tipos de men\u00fas:<\/p><ul><li>Men\u00fa de beb\u00e9s: men\u00fa triturado o s\u00f3lido a base de verduras variadas alternando carnes de pollo, ternera, pescado y huevo (seg\u00fan lo que coma).<\/li><li>Men\u00fa normal: adecuado para ni\u00f1os a partir de un a\u00f1o.<\/li><li>Men\u00fa de dieta: men\u00fa indicado cuando se requiere dieta astringente.<\/li><\/ul><p>\u00a0<\/p><p>Tomando estos men\u00fas como base, se pueden hacer las adaptaciones necesarias cuando haya necesidades espec\u00edficas como: alergias, intolerancias, etc.<\/p><p>El men\u00fa del d\u00eda incluye <strong>la merienda<\/strong> que tambi\u00e9n se adapta a la edad de cada ni\u00f1o.<\/p><p>El servicio de comedor se puede utilizar de manera fija o espor\u00e1dica. Para utilizar el comedor espor\u00e1dico es necesario comunicarlo a la agenda o llamar a la escuela. Este servicio incluye la comida, la merienda y las horas del mediod\u00eda (13-15h).<\/p>\t\t\t\t\t\t<\/div>\n\t\t\t\t<\/div>\n\t\t\t\t<div class=\"elementor-element elementor-element-48c5c7f elementor-widget elementor-widget-heading\" data-id=\"48c5c7f\" data-element_type=\"widget\" data-widget_type=\"heading.default\">\n\t\t\t\t<div class=\"elementor-widget-container\">\n\t\t\t<h2 class=\"elementor-heading-title elementor-size-default\">Casal de verano<\/h2>\t\t<\/div>\n\t\t\t\t<\/div>\n\t\t\t\t<div class=\"elementor-element elementor-element-6bc28d4 elementor-widget elementor-widget-text-editor\" data-id=\"6bc28d4\" data-element_type=\"widget\" data-widget_type=\"text-editor.default\">\n\t\t\t\t<div class=\"elementor-widget-container\">\n\t\t\t\t\t\t\t<p>Una vez que termina la escuela, comienza el Casal de verano del Picarol, ofreciendo este servicio a los ni\u00f1os de P-3. Desde la \u00faltima semana de junio hasta mediados de agosto, en horario de 07:30 a 16:00h. Las familias pueden elegir entre la opci\u00f3n de hacer todo el Casal o bien por semanas.<\/p><p>Durante este periodo hay tres semanas en las que se lleva a cabo el curso de nataci\u00f3n en el Complejo Acu\u00e1tico. Las actividades y juegos que se realizan durante el Casal son l\u00fadicas y divertidas, partimos del trabajo por proyectos y los rincones, los ni\u00f1os deciden y eligen en un ambiente relajado y cooperativo qu\u00e9 quieren hacer y de qu\u00e9 manera.<\/p>\t\t\t\t\t\t<\/div>\n\t\t\t\t<\/div>\n\t\t\t\t<div class=\"elementor-element elementor-element-f85adca elementor-widget elementor-widget-heading\" data-id=\"f85adca\" data-element_type=\"widget\" data-widget_type=\"heading.default\">\n\t\t\t\t<div class=\"elementor-widget-container\">\n\t\t\t<h2 class=\"elementor-heading-title elementor-size-default\">Servicio de orientaci\u00f3n educativa<\/h2>\t\t<\/div>\n\t\t\t\t<\/div>\n\t\t\t\t<div class=\"elementor-element elementor-element-5134550 elementor-widget elementor-widget-text-editor\" data-id=\"5134550\" data-element_type=\"widget\" data-widget_type=\"text-editor.default\">\n\t\t\t\t<div class=\"elementor-widget-container\">\n\t\t\t\t\t\t\t<p>Es un espacio donde las familias que lo deseen pueden compartir las dudas o inquietudes que tengan en la educaci\u00f3n de sus hijos desde un enfoque humanista, cuyo objetivo principal es facilitar al ni\u00f1o el desarrollo de sus propias potencialidades y acompa\u00f1ar a los padres en esta aventura.<\/p>\t\t\t\t\t\t<\/div>\n\t\t\t\t<\/div>\n\t\t\t\t\t<\/div>\n\t\t\t\t<\/div>\n\t\t\t\t<\/div>\n\t\t","protected":false},"excerpt":{"rendered":"<p>SERVICIOS LLAR PICAROL Servicio de acogida Hora de acogida | de 07.30 h \u2013 08.30 h. Durante este periodo de tiempo, los ni\u00f1os desayunan, realizan actividades en un ambiente relajado y aquellos que lo necesitan, van a dormir. Servicio de comedor Servicio de comedor | En la Guarder\u00eda Picarol disponemos de un servicio de comedor [&hellip;]<\/p>\n","protected":false},"author":1,"featured_media":0,"parent":0,"menu_order":3,"comment_status":"closed","ping_status":"closed","template":"","meta":{"_acf_changed":false,"rank_math_lock_modified_date":false,"footnotes":""},"class_list":["post-34","page","type-page","status-publish","hentry"],"acf":[],"_links":{"self":[{"href":"https:\/\/llarspicarol.com\/es\/wp-json\/wp\/v2\/pages\/34","targetHints":{"allow":["GET"]}}],"collection":[{"href":"https:\/\/llarspicarol.com\/es\/wp-json\/wp\/v2\/pages"}],"about":[{"href":"https:\/\/llarspicarol.com\/es\/wp-json\/wp\/v2\/types\/page"}],"author":[{"embeddable":true,"href":"https:\/\/llarspicarol.com\/es\/wp-json\/wp\/v2\/users\/1"}],"replies":[{"embeddable":true,"href":"https:\/\/llarspicarol.com\/es\/wp-json\/wp\/v2\/comments?post=34"}],"version-history":[{"count":21,"href":"https:\/\/llarspicarol.com\/es\/wp-json\/wp\/v2\/pages\/34\/revisions"}],"predecessor-version":[{"id":693,"href":"https:\/\/llarspicarol.com\/es\/wp-json\/wp\/v2\/pages\/34\/revisions\/693"}],"wp:attachment":[{"href":"https:\/\/llarspicarol.com\/es\/wp-json\/wp\/v2\/media?parent=34"}],"curies":[{"name":"wp","href":"https:\/\/api.w.org\/{rel}","templated":true}]}}

<div data-elementor-type="wp-page" data-elementor-id="34" class="elementor elementor-34 elementor-32" data-elementor-post-type="page">
				<div class="elementor-element elementor-element-678ef47 e-flex e-con-boxed e-con e-parent" data-id="678ef47" data-element_type="container" data-settings="{&quot;background_background&quot;:&quot;classic&quot;}">
					<div class="e-con-inner">
				<div class="elementor-element elementor-element-ca2c40b elementor-widget elementor-widget-heading" data-id="ca2c40b" data-element_type="widget" data-widget_type="heading.default">
				<div class="elementor-widget-container">
			<h1 class="elementor-heading-title elementor-size-default">SERVICIOS LLAR PICAROL</h1>		</div>
				</div>
					</div>
				</div>
		<div class="elementor-element elementor-element-661bd34 e-flex e-con-boxed e-con e-parent" data-id="661bd34" data-element_type="container">
					<div class="e-con-inner">
				<div class="elementor-element elementor-element-f868429 elementor-widget elementor-widget-heading" data-id="f868429" data-element_type="widget" data-widget_type="heading.default">
				<div class="elementor-widget-container">
			<h2 class="elementor-heading-title elementor-size-default">Servicio de acogida</h2>		</div>
				</div>
				<div class="elementor-element elementor-element-5c7d3ba elementor-widget elementor-widget-text-editor" data-id="5c7d3ba" data-element_type="widget" data-widget_type="text-editor.default">
				<div class="elementor-widget-container">
							<p><strong>Hora de acogida</strong> | de 07.30 h – 08.30 h.</p><p>Durante este periodo de tiempo, los niños desayunan, realizan actividades en un ambiente relajado y aquellos que lo necesitan, van a dormir.</p>						</div>
				</div>
				<div class="elementor-element elementor-element-4c0e890 elementor-widget elementor-widget-heading" data-id="4c0e890" data-element_type="widget" data-widget_type="heading.default">
				<div class="elementor-widget-container">
			<h2 class="elementor-heading-title elementor-size-default">Servicio de comedor</h2>		</div>
				</div>
				<div class="elementor-element elementor-element-f40600e elementor-widget elementor-widget-text-editor" data-id="f40600e" data-element_type="widget" data-widget_type="text-editor.default">
				<div class="elementor-widget-container">
							<p><strong>Servicio de comedor</strong> | En la Guardería Picarol disponemos de un servicio de comedor atendido por nuestra propia cocina. Contamos con tres tipos de menús:</p><ul><li>Menú de bebés: menú triturado o sólido a base de verduras variadas alternando carnes de pollo, ternera, pescado y huevo (según lo que coma).</li><li>Menú normal: adecuado para niños a partir de un año.</li><li>Menú de dieta: menú indicado cuando se requiere dieta astringente.</li></ul><p> </p><p>Tomando estos menús como base, se pueden hacer las adaptaciones necesarias cuando haya necesidades específicas como: alergias, intolerancias, etc.</p><p>El menú del día incluye <strong>la merienda</strong> que también se adapta a la edad de cada niño.</p><p>El servicio de comedor se puede utilizar de manera fija o esporádica. Para utilizar el comedor esporádico es necesario comunicarlo a la agenda o llamar a la escuela. Este servicio incluye la comida, la merienda y las horas del mediodía (13-15h).</p>						</div>
				</div>
				<div class="elementor-element elementor-element-48c5c7f elementor-widget elementor-widget-heading" data-id="48c5c7f" data-element_type="widget" data-widget_type="heading.default">
				<div class="elementor-widget-container">
			<h2 class="elementor-heading-title elementor-size-default">Casal de verano</h2>		</div>
				</div>
				<div class="elementor-element elementor-element-6bc28d4 elementor-widget elementor-widget-text-editor" data-id="6bc28d4" data-element_type="widget" data-widget_type="text-editor.default">
				<div class="elementor-widget-container">
							<p>Una vez que termina la escuela, comienza el Casal de verano del Picarol, ofreciendo este servicio a los niños de P-3. Desde la última semana de junio hasta mediados de agosto, en horario de 07:30 a 16:00h. Las familias pueden elegir entre la opción de hacer todo el Casal o bien por semanas.</p><p>Durante este periodo hay tres semanas en las que se lleva a cabo el curso de natación en el Complejo Acuático. Las actividades y juegos que se realizan durante el Casal son lúdicas y divertidas, partimos del trabajo por proyectos y los rincones, los niños deciden y eligen en un ambiente relajado y cooperativo qué quieren hacer y de qué manera.</p>						</div>
				</div>
				<div class="elementor-element elementor-element-f85adca elementor-widget elementor-widget-heading" data-id="f85adca" data-element_type="widget" data-widget_type="heading.default">
				<div class="elementor-widget-container">
			<h2 class="elementor-heading-title elementor-size-default">Servicio de orientación educativa</h2>		</div>
				</div>
				<div class="elementor-element elementor-element-5134550 elementor-widget elementor-widget-text-editor" data-id="5134550" data-element_type="widget" data-widget_type="text-editor.default">
				<div class="elementor-widget-container">
							<p>Es un espacio donde las familias que lo deseen pueden compartir las dudas o inquietudes que tengan en la educación de sus hijos desde un enfoque humanista, cuyo objetivo principal es facilitar al niño el desarrollo de sus propias potencialidades y acompañar a los padres en esta aventura.</p>						</div>
				</div>
					</div>
				</div>
				</div>

<p>SERVICIOS LLAR PICAROL Servicio de acogida Hora de acogida | de 07.30 h – 08.30 h. Durante este periodo de tiempo, los niños desayunan, realizan actividades en un ambiente relajado y aquellos que lo necesitan, van a dormir. Servicio de comedor Servicio de comedor | En la Guardería Picarol disponemos de un servicio de comedor [&hellip;]</p>
